ase 9, what is 6 - -35228157?
35228164
In base 11, what is 4164a571 - -5?
4164a576
In base 16, what is -71ee + 119?
-70d5
In base 11, what is 2 - -700705?
700707
In base 10, what is -11973573 + -16?
-11973589
In base 16, what is -9a3ed0 + 1?
-9a3ecf
In base 9, what is -77 + -117755?
-117843
In base 4, what is 2133 - 100320221?
-100312022
In base 16, what is 1 + -101b6127?
-101b6126
In base 2, what is -1010 + -10111011011000011000?
-10111011011000100010
In base 3, what is -10000210 + 100222010102?
100212002122
In base 12, what is 10 + 44634?
44644
In base 16, what is 4 + 10f668?
10f66c
In base 9, what is 10448175 + -31?
10448144
In base 9, what is -16850027 + 2?
-16850025
In base 16, what is 79d5 - 1d4f?
5c86
In base 14, what is 200 - -ab6c?
ad6c
In base 11, what is -46148 + 20a?
-45a39
In base 4, what is 3130203 + -32122310?
-22332101
In base 8, what is -2257372 - -46?
-2257324
In base 16, what is b + -61e0d71?
-61e0d66
In base 2, what is 10 + -10000010100100110100111?
-10000010100100110100101
In base 7, what is 4 - -2603353?
2603360
In base 8, what is -2534530 - -32?
-2534476
In base 6, what is -3 + 325132520?
325132513
In base 14, what is -d28b - -31?
-d25a
In base 9, what is 1701348 + 27?
1701376
In base 11, what is 12 - -21aa4?
22006
In base 16, what is 2dc8a + -53?
2dc37
In base 14, what is 1b3cb9 + -5?
1b3cb4
In base 8, what is 40711534 + -5?
40711527
In base 15, what is 0 - -483b05a?
483b05a
In base 3, what is 111 - 1210122202200?
-1210122202012
In base 4, what is -30 + 332101233?
332101203
In base 2, what is -101 + 1010000101000001011010101010?
1010000101000001011010100101
In base 13, what is -5b2b - 265?
-6093
In base 7, what is -511 + -355301?
-356112
In base 13, what is 168 + b513?
b67b
In base 4, what is -132303 - 211300?
-1010203
In base 8, what is -57200465 - 2?
-57200467
In base 15, what is -15a28e1 - 3?
-15a28e4
In base 8, what is 1300236 + -52?
1300164
In base 7, what is -111 + 26062663?
26062552
In base 6, what is 4305 + 12342504?
12351213
In base 4, what is -10310123121200 + -11?
-10310123121211
In base 6, what is 213152 + 234220?
451412
In base 7, what is 116020 - 155?
115532
In base 2, what is -1001010000100000010000001 - -100?
-1001010000100000001111101
In base 7, what is 166 + -2533214?
-2533015
In base 4, what is -12021110033 + 20110?
-12021023323
In base 10, what is -81878331 + -4?
-81878335
In base 14, what is 4525 - -392?
48b7
In base 2, what is -111011110000001010011 - -1100?
-111011110000001000111
In base 4, what is 10 - 11213222330300?
-11213222330230
In base 8, what is 5 + 73475044?
73475051
In base 8, what is 30 + -31665476?
-31665446
In base 6, what is -35113025 - -5?
-35113020
In base 2, what is -101100101110111000000 + 1001111?
-101100101110101110001
In base 7, what is 115553 + -32615?
52635
In base 12, what is -9a4 + 174646?
173862
In base 3, what is -12122201020001 + -2?
-12122201020010
In base 5, what is -1203 - -1443013322?
1443012114
In base 11, what is -10111133 + 3?
-10111130
In base 6, what is -322 - -22430122?
22425400
In base 12, what is 5353100 - -1?
5353101
In base 8, what is 330762 + -107?
330653
In base 12, what is -85 - 11086b?
-110934
In base 3, what is -210000000100021101 - 0?
-210000000100021101
In base 13, what is -231 - -317c9?
31598
In base 2, what is 10011000010111 + 1000011001?
10100000110000
In base 3, what is 21 - 10200020210121?
-10200020210100
In base 3, what is 122122 + 11220001021?
11220200220
In base 6, what is 2440 - -10304353?
10311233
In base 11, what is 1487 - 836a?
-6993
In base 5, what is -23 + 233121124?
233121101
In base 14, what is c61c4 + 11?
c61d5
In base 7, what is -452 - -430600?
430115
In base 16, what is a1656 + -9?
a164d
In base 2, what is 11111110110111101 - -1000?
11111110111000101
In base 7, what is -22466325 + -5?
-22466333
In base 14, what is -1507420 - 9?
-1507429
In base 4, what is -2123 + -1330202113?
-1330210302
In base 3, what is -1101110000 - -12020?
-1101020210
In base 6, what is -153420001 + -445?
-153420450
In base 13, what is 221 - -86ca?
891b
In base 14, what is 311c + -21bd?
d3d
In base 11, what is a + -868838?
-868829
In base 10, what is -915 - -728?
-187
In base 11, what is -5 - 11511888?
-11511892
In base 16, what is -128 + 38ea?
37c2
In base 6, what is -5125023403 + 0?
-5125023403
In base 14, what is 2 - -790b8a?
790b8c
In base 10, what is -16316 - 1276?
-17592
In base 7, what is 351030 + 6062?
360122
In base 15, what is -3a8607 - 5?
-3a860c
In base 10, what is 522234120 - 1?
522234119
In base 5, what is -22310031 + -13?
-22310044
In base 6, what is -15 + -53545250?
-53545305
In base 10, what is 1075158 - -13?
1075171
In base 11, what is 2 - 27816a?
-278168
In base 6, what is -3 + -23005444?
-23005451
In base 6, what is -2 - 2053034152?
-2053034154
In base 2, what is -10110000010110 + 10011011001111?
-10101000111
In base 6, what is 1211251 - -30010?
1241301
In base 16, what is -95f44 + -2e?
-95f72
In base 8, what is -3 - 6707022?
-6707025
In base 5, what is -13411232 + 12?
-13411220
In base 12, what is 1a8217 + 10?
1a8227
In base 8, what is -235763 - -5003?
-230760
In base 6, what is 201 - 323253450?
-323253245
In base 14, what is 1195 + a06?
1b9b
In base 5, what is -1024201 + -12020?
-1041221
In base 16, what is -1da4c - 47c?
-1dec8
In base 16, what is -2975c8 - 111?
-2976d9
In base 4, what is 130322 - -1003211?
1200133
In base 16, what is -2400c1 - 1f2?
-2402b3
In base 7, what is -202633645 - 21?
-202633666
In base 12, what is -12b79 - -1119?
-11a60
In base 8, what is 21375 - 670?
20505
In base 9, what is 54820075 - 3?
54820072
In base 6, what is -10000214 + -34?
-10000252
In base 2, what is 100 + -10000110001010101110111?
-10000110001010101110011
In base 6, what is 2151355533 - 14?
2151355515
In base 10, what is -22558 + -1055?
-23613
In base 13, what is c3318 - -574?
c388c
In base 10, what is -5 + 2863684?
2863679
In base 14, what is 4a971 + -2d?
4a942
In base 10, what is -4 - -1165035?
1165031
In base 8, what is 46011 + -73411?
-25400
In base 12, what is 16a + 2427b0?
24295a
In base 5, what is -4122004031 + 4?
-4122004022
In base 15, what is 8a - -21117?
211a2
In base 6, what is 1344520340 - 2?
1344520334
In base 4, what is 31023203 - -3313?
31033122
In base 16, what is 5 - -4ae86?
4ae8b
In base 4, what is -13211 + 30102311?
30023100
In base 15, what is -529 - -712a0?
70c76
In base 5, what is -12043413042 + 13?
-12043413024
In base 7, what is -100 + -15665020?
-15665120
In base 5, what is 143210233224 + -4?
143210233220
In base 2, what is 10001110011111101 - -1010011?
10001110101010000
In base 8, what is -10 - 175436112?
-175436122
In base 3, what is 20 + 1022000121211?
1022000122001
In base 8, what is 512 + 1107457?
1110171
In base 5, what is -2413220143 - 0?
-2413220143
In base 12, what is -1a - -37983?
37965
In base 12, what is -25 - a6a1b?
-a6a44
In base 13, what is 7a0324a + -4?
7a03246
In base 12, what is 9702083 - 11?
9702072
In base 8, what is -215 + 11174?
10757
In base 11, what is -35 + 281a03?
281979
In base 3, what is -1022021112120002122 - -12?
-1022021112120002110
In base 2, what is 11011100010110011100111 + 1?
11011100010110011101000
In base 12, what is -9161b + 1?
-9161a
In base 14, what is 14225d66 + -4?
14225d62
In base 12, what is 2640633 - -3?
2640636
In base 3, what is 1201201 + -112021020?
-110112112
In base 9, what is 16882315 - -6?
16882322
In base 14, what is 1ca19ad - -4?
1ca19b3
In base 6, what is 4412113 - -1113?
4413230
In base 12, what is -441a7238 + -4?
-441a7240
In base 4, what is -1 - 11002320203?
-11002320210
In base 11, what is 4162 + 308a3?
34a55
In base 2, what is -10111001000010011 + -1001010000011?
-11000010010010110
In base 16, what is -401f9 - a7?
-402a0
In base 3, what is 110022220220 + -2112?
110022211101
In base 2, what is -111101100110111101010000 - -101?
-111101100110111101001011
In base 15, what is 63a6 - 1b0?
61e6
In base 15, what is bdb61 - -21?
bdb82
In base 14, what is -ab3b5446 - 0?
-ab3b5446
In base 10, what is 967 + -152?
815
In base 9, what is -521 + 25857?
25336
In base 12, what is 45 + -49268a?
-492645
In base 9, what is 17 + 5033051?
5033068
In base 14, what is 43 - 1b15b?
-1b118
In base 3, what is 220011 - -2121001212102?
2121002202120
In base 10, what is -4677520 - 2?
-46775